ber?
True
Is 109883057 prime?
False
Is 135477787 prime?
True
Is 196946249 a prime number?
True
Is 15871249 a prime number?
True
Is 2881547 prime?
True
Is 31208729 composite?
False
Is 967192197 a prime number?
False
Is 13662457 a composite number?
False
Is 27371993 prime?
False
Is 6667599 composite?
True
Is 75575221 prime?
False
Is 1789331 a composite number?
True
Is 4326011 composite?
False
Is 85889239 a composite number?
True
Is 1623553 composite?
False
Is 322454479 prime?
False
Is 2911453 a composite number?
False
Is 16569563 prime?
False
Is 13485671 prime?
True
Is 8916983 prime?
False
Is 3747581 a composite number?
False
Is 13205303 composite?
False
Is 440156593 a composite number?
False
Is 752411573 prime?
True
Is 2221433 a composite number?
False
Is 396610703 prime?
True
Is 1911197 composite?
True
Is 3700429 prime?
False
Is 13652813 a prime number?
True
Is 474527 a prime number?
False
Is 22629115 a composite number?
True
Is 197392231 composite?
True
Is 26169157 a prime number?
False
Is 762023 a prime number?
False
Is 367565821 a composite number?
True
Is 14795843 a prime number?
False
Is 2822851 a composite number?
False
Is 11842393 a composite number?
False
Is 1838555 a composite number?
True
Is 841905203 composite?
False
Is 2473559 prime?
False
Is 3333241 a prime number?
False
Is 471001 a composite number?
True
Is 340805 a composite number?
True
Is 6228767 prime?
False
Is 19742617 prime?
False
Is 161862269 a composite number?
False
Is 3790309 composite?
False
Is 1821257 a prime number?
True
Is 22750859 a composite number?
True
Is 195233119 a prime number?
True
Is 4616567 a prime number?
True
Is 5363065 a composite number?
True
Is 4526209 composite?
False
Is 9691789 prime?
True
Is 155813 composite?
True
Is 64956329 a prime number?
True
Is 78002363 a composite number?
False
Is 4359821 prime?
False
Is 8747419 prime?
True
Is 123391641 a prime number?
False
Is 231572035 prime?
False
Is 143377651 a composite number?
False
Is 217771 prime?
True
Is 309821531 a prime number?
True
Is 11277311 composite?
False
Is 85283 a composite number?
True
Is 3650753 prime?
False
Is 2408381 composite?
True
Is 197278717 a prime number?
True
Is 104791773 composite?
True
Is 640457 prime?
True
Is 257847533 a prime number?
True
Is 56354413 a prime number?
False
Is 3164921 prime?
True
Is 1081477 a composite number?
False
Is 121652599 composite?
False
Is 295769 a composite number?
False
Is 529663298 a prime number?
False
Is 166928653 a composite number?
False
Is 266773 composite?
True
Is 88183103 a prime number?
False
Is 7694833 a composite number?
False
Is 56038859 composite?
True
Is 1739537 composite?
True
Is 3960713 a prime number?
False
Is 465534533 a composite number?
True
Is 13862027 composite?
True
Is 33637987 prime?
False
Is 8680391 a prime number?
True
Is 2777417 a composite number?
True
Is 39720389 composite?
True
Is 27195659 a prime number?
False
Is 88362095 a prime number?
False
Is 10321901 composite?
False
Is 9512717 prime?
True
Is 5519243 composite?
False
Is 11136383 a composite number?
False
Is 3936869 a composite number?
False
Is 920303 a composite number?
True
Is 5158711 a prime number?
True
Is 15044749 a prime number?
True
Is 26714137 prime?
False
Is 31363709 a composite number?
True
Is 199605601 composite?
True
Is 220141 a prime number?
True
Is 2372863 prime?
False
Is 6163123 prime?
True
Is 158496227 prime?
True
Is 5441197 a prime number?
True
Is 42170923 a composite number?
True
Is 1203757 a composite number?
False
Is 388193602 composite?
True
Is 80093129 a prime number?
True
Is 103674215 composite?
True
Is 1549393 prime?
False
Is 175576978 a prime number?
False
Is 12711079 a composite number?
False
Is 254162659 composite?
False
Is 13000541 a prime number?
False
Is 17451862 composite?
True
Is 14748319 a composite number?
False
Is 3269827 composite?
True
Is 9158911 a prime number?
True
Is 3560897 prime?
True
Is 243764089 composite?
False
Is 3294185 a composite number?
True
Is 17218573 composite?
False
Is 1134169 a prime number?
True
Is 12328733 a composite number?
True
Is 31600883 a prime number?
True
Is 20073797 prime?
False
Is 2047337 a prime number?
False
Is 3324917 prime?
False
Is 187887523 a composite number?
True
Is 15985939 composite?
True
Is 29199701 a prime number?
True
Is 4574517 composite?
True
Is 454093 prime?
False
Is 44119853 composite?
False
Is 493827539 a prime number?
True
Is 264724027 prime?
False
Is 8812669 composite?
False
Is 65709517 prime?
True
Is 131900477 composite?
False
Is 9216913 a prime number?
True
Is 4802321 a prime number?
True
Is 8583503 a prime number?
True
Is 6748673 composite?
False
Is 2316961 composite?
False
Is 272506447 composite?
True
Is 627917 prime?
False
Is 999553 composite?
False
Is 998022787 a composite number?
False
Is 10540963 composite?
False
Is 4883953 prime?
True
Is 1642547 a composite number?
True
Is 387047 a composite number?
False
Is 2747407 composite?
True
Is 459354023 a prime number?
False
Is 62151763 a composite number?
False
Is 22284749 a composite number?
False
Is 1733623 a composite number?
False
Is 24742489 prime?
True
Is 1279643 a prime number?
True
Is 325934083 a composite number?
False
Is 105498091 composite?
False
Is 3610687 composite?
True
Is 1850861 a composite number?
True
Is 320533 composite?
False
Is 130432493 a prime number?
True
Is 55409603 composite?
True
Is 21916313 prime?
True
Is 1898759 a composite number?
False
Is 16467899 composite?
True
Is 12490921 composite?
False
Is 18861881 composite?
False
Is 293953 composite?
True
Is 2117359 a composite number?
True
Is 1536253 composite?
True
Is 23582303 a prime number?
True
Is 164861941 prime?
True
Is 52307615 composite?
True
Is 104851511 a prime number?
False
Is 91133059 composite?
False
Is 44692709 a prime number?
True
Is 12934133 a composite number?
True
Is 267601297 a composite number?
True
Is 160612513 prime?
False
Is 14305093 a composite number?
True
Is 514959997 prime?
True
Is 171962029 a prime number?
True
Is 14861641 prime?
True
Is 57170051 a composite number?
False
Is 560568451 prime?
True
Is 1166449 composite?
True
Is 16693823 prime?
False
Is 21707311 composite?
True
Is 487483 a prime number?
False
Is 4655569 a composite number?
True
Is 1932005 composite?
True
Is 88513241 a prime number?
True
Is 62648653 a prime number?
True
Is 53504993 a composite number?
True
Is 1597279 a prime number?
False
Is 64947679 a prime number?
False
Is 170222659 a composite number?
False
Is 12128027 a composite number?
False
Is 744649 prime?
True
Is 7210211 composite?
True
Is 109073 prime?
True
Is 1916809 composite?
False
Is 1875362503 prime?
False
Is 14536939 a composite number?
True
Is 1162663 composite?
False
Is 2475754 a composite number?
True
Is 1386947 prime?
True
Is 11428699 a composite number?
False
Is 579433 a composite number?
False
Is 83324773 a prime number?
False
Is 21333803 composite?
True
Is 158108273 composite?
False
Is 3696893 prime?
True
Is 62213533 a prime number?
True
Is 837709 composite?
True
Is 4082447 prime?
True
Is 11972093 prime?
False
Is 197853 a prime number?
False
Is 2137517 composite?
False
Is 11648613 a composite number?
True
Is 21624349 composite?
False
Is 5835073 composite?
True
Is 101367061 a composite number?
False
Is 2256217 prime?
True
Is 12444503 prime?
True
Is 48017119 a prime number?
False
Is 16121207 a composite number?
False
Is 304481053 a composite number?
True
Is 464348077 composite?
False
Is 4953478 a prime number?
False
Is 7031939 a composite number?
False
Is 1792573 a composite number?
True
Is 128703389 a prime number?
True
Is 391230717 a prime number?
False
Is 34531517 a composite number?
True
Is 6479021 a prime number?
True
Is 3744493 a composite number?
False
Is 22565201 composite?
True
Is 66575131 prime?
False
Is 16101013 prime?
True
Is 16399499 a prime number?
False
Is 156614611 a prime number?
False
Is 3157537 a prime number?
True
Is 39632906 prime?
False
Is 94764017 a composite number?
True
Is 352704886 composite?
True
Is 97175773 composite?
True
Is 39348733 composite?
False
Is 651998923 composite?
False
Is 27179437 composite?
False
Is 163398793 prime?
True
Is 169985687 composite?
False
Is 297334853 prime?
False
Is 181762769 prime?
False
Is 4106041 composite?
False
Is 29299291 a prime num